?
77
(0 + -1 - -16) + 22268 + -22229
54
What is the value of 21 - (43 - (27 - -11))?
16
0 - (7 + (-45 - -39))
-1
54 + (-42 - (-18 + -2)) + 16 + -5
43
-2 + 2 + -8 + 30 + -11 - (642 + -570)
-61
Calculate (-2 + 44 - 3) + 19 + (-10 - (1 - 2)).
49
What is 13 + 6 + 82 + (6 - 9 - -8) + -12?
94
Calculate (-11 - -55 - 63) + 70.
51
Evaluate 9 + -3 + (-4 - -32) + (-13 - 1).
20
What is 31 - ((-22 - -64) + -18) - (-16 + (1 - 1))?
23
Calculate 2 - (1 - -3 - (-1 + 6 + -6)) - 82.
-85
What is 28 + (-28 + 29 - 102)?
-73
Calculate 51 + (41 + -21 - (-2 + 13)) + -4.
56
Calculate -23 - (-82 + 35 + -14) - 33.
5
Calculate (1 - 6) + -31 - (47 + -56) - 6.
-33
What is (77 - 80 - 6) + -53?
-62
Calculate -24 - (-3 - (13 - 32 - (5 + -4))).
-41
Evaluate (28 - 25) + (-2 - -6) - 0 - -1.
8
(30 - -4) + -105 - 16
-87
What is the value of 6 + -19 + -3 + (-18 - -15 - 13) + -16?
-48
Calculate (3 - 21 - (14 + -9 + -2 + -14)) + -70.
-77
(-49 - -47) + (54 - (14 + (-12 - -4)))
46
What is the value of -3 - 51 - (-7 - (-11 - -9 - -7) - -8)?
-50
What is the value of (-8 - -14) + ((4 - 13) + 10 - 8)?
-1
What is 35 + (-49 - (31 + -70))?
25
What is -11 - (-12 + 1 + 7 - (45 + 1))?
39
(-2017 - -2041 - (3 - (1 - 1))) + 1 + 1
23
(938 - 946) + (0 - -67)
59
Calculate (-5 - (1 + -11 + (-5 - -7))) + 11 + -12.
2
What is the value of -9 + 8 + -6 + 4 + -8 + (-9 - -18)?
-2
What is -4 + (-44 - -57 - (8 + 1)) + 9 + 8?
17
Calculate 31 + -16 + 33 - -4 - 19.
33
What is the value of -12 - (5 + (44 - 52)) - (63 - 1)?
-71
(15 + -11 + 62 + -12 - 4) + 12 + -4
58
Evaluate (14 - 49) + 42 + (-57 - -10).
-40
What is -11 - (29 - 20 - 0)?
-20
Calculate 1 + 16 - (2319 + -2317).
15
18 + -71 - -25 - (-2 + 3 + -14)
-15
What is the value of -7 - (-9 - (86 - 87 - (4 - 1)) - -10)?
-12
Calculate -50 + (43 + -2 + -15 - -4).
-20
What is the value of 75 - 8 - ((-27 - -2) + 6)?
86
What is (131 - 80) + -42 - -42?
51
What is (-39 - (30 + -48)) + 3?
-18
Calculate (12 - -24 - (-3 - -28)) + -25.
-14
What is -134 + (89 - (-66 + 70))?
-49
Evaluate (13 + (-4 - 2 - -5) - -24) + 1.
37
-63 - (5 - (14 - -3))
-51
8 + 16 + 43 + (-29 - -6 - -11)
55
What is the value of 34 + (-21 - -9) - 9 - (24 + -3)?
-8
Evaluate (-12 - 0 - (-169 - -173)) + (-22 - -11).
-27
What is the value of -4 + 16 + 77 - 31?
58
What is the value of -1 - (11 + -6) - ((-2 - -20) + -13)?
-11
What is the value of -31 + 51 + 14 + -67 - 6?
-39
What is 2 + -105 + -2315 + 2339?
-79
What is the value of (21 + 7 - (21 + -20)) + 1 + 10?
38
3 + (-9 - -15) - (-47 + (8 - 7) + 11)
44
(161 - 170) + (1 - (0 + (21 - -1)))
-30
22 + -24 - (-2 - -88) - -30
-58
What is -113 - 0 - (36 - 112)?
-37
(921 - 906) + (-2 + (-90 - 8) - (7 + -2))
-90
What is the value of 3 + -7 + -3 + 14 + -31 + 27 - 29?
-26
What is (2 - 0) + 5 + -3 - (-30 + 24)?
10
(-10 - (-19 + 36)) + 24 - (0 - (-1 - 25))
-29
13 - (-27 + 5 + 27) - 62
-54
Calculate 26 - ((-24 - -44) + (9 - 23)) - 33.
-13
Evaluate -1 + (-114 + 276 + -138 - (-1 + -17 - -2)).
39
Evaluate -38 - (424 + -422 + (-2 - -21)).
-59
Calculate 45 - 48 - (-3 - (-20 - (0 - 6))).
-14
Calculate ((27 - -5) + -18 - -80) + -10.
84
Calculate -15 + (11 + -5 - (-28 + 4)).
15
What is the value of 9 + -13 + -5 - (4 - (7 - 15))?
-21
What is -63 + (-28 - (-47 + -15))?
-29
What is 3 - 72 - -24 - -23?
-22
Calculate -127 + (20 + 25 - -3).
-79
Evaluate 0 - -73 - (-9 + 4 + 4 + (-8 - -19)).
63
-1061 - -1071 - (2 + (90 - (2 - 5)))
-85
What is 120 + 14 + -3 + -1 + 9 + 4 - 0?
143
Calculate (-1 - 0 - 1) + ((9 - 11) + -10 - -63).
49
Evaluate (2 - (-10 - (-22 + 12))) + 16.
18
Calculate 0 + -2 + 1 - (-24 + -112) - (-132 + 121).
146
What is the value of (5 - (1 - -86 - ((-40 - -14) + 13))) + -5?
-100
Evaluate 0 + -40 - (0 - -2 - (22 - 14)) - -8.
-26
Evaluate 27 + (3 - (14 - 9)) + -13.
12
(-38 - 2) + (-829 - -853)
-16
What is -11 - -15 - (6 + 36)?
-38
Calculate -3 + (-151 - -100) - -111.
57
25 - -30 - (-335 - -353)
37
Calculate (-30 - (69 - 115)) + -3 + 16.
29
(24 - (-63 + 109)) + 35
13
(-27 - (-20 + 4) - -8 - -82) + -8 + -1
70
-42 + (-1 - -18 - (4 + (44 - 29)))
-44
What is 8 + -17 + 24 + -28 + (-1 - 2 - -45)?
29
What is the value of (5 - 35) + 77 + -80 + -73?
-106
What is 12 + 27 + (6 - (7 - -13)) + 8?
33
-105 + (29 - -83) - (4 + -2 + -4 + -27)
36
(-15 - 6 - -9) + (113 - -4) + -1 + 4
108
What is the value of (18 - 29) + (21 - (-44 + 68))?
-14
Calculate -10 - -26 - -65 - 44 - -41.
78
What is (-8 + -7 - -35) + -4 - 51?
-35
Calculate (-7 - 21) + (36 - (17 + 7)) + 17.
1
Evaluate 2 - 40 - (16 - (15 - 1)) - (-10 + 8).
-38
Evaluate 64 + -63 - (-39 + (0 - (1 - 8))).
33
Evaluate 7 - -5 - 72 - (17 - 35).
-42
Evaluate -20 - (7 + (-44 - -22) - -25).
-30
What is the value of -1 + (52 - (40 + 1)) + (-55 - 0)?
-45
-1 + 2 + -9 + 28 + -10
10
-122 - (-57 - (128 + -132))
-69
Evaluate 5 - -1 - (-29 + (-18 + 11 - -25)).
17
What is -4 + 21 - (38 - 27 - 13)?
19
Evaluate 10 + (-61 - (23 - 46 - -6)).
-34
What is (-37 - (23 + 18)) + 9?
-69
Calculate (-1 - -49 - (23 - 24)) + -825 + 811.
35
What is the value of 1 + -128 - (30 - (27 + 21 + -2))?
-111
What is (-1 - -11) + 40 - (-16 - (-8 + -9))?
49
What is the value of (-3 - (1 - -34)) + -472 + 483 + (0 - -10)?
-17
What is the value of -237 + -4 - (-223 - -103)?
-121
Evaluate 106 + 102 + -88 - 82.
38
Evaluate -19 + 3 + 4 + 12 + (5 - (-40 + 5)).
40
Calculate (3 + 9 - (27 - 6)) + (31 - 6) + -4.
12
What is (646 - 634) + (-13 - -4) + 1 + -21?
-17
Calculate -63 + (-48 - (-114 + -23)).
26
Evaluate 1579 + -1652 - (-138 - -3).
62
What is (18 - (27 + -1 - 13)) + -58?
-53
Calculate (-1 - (0 + -8 + 2)) + (2939 - 2904).
40
Evaluate (-107 - -90) + (-8 - -42) - -39.
56
Evaluate -23 + 31 - (25 + -4 - 2) - (35 + 17).
-63
-38 - (-13 + (-6 + 16 - 11) + 31)
-55
What is the value of 42 - (64 + (-5 - 39))?
22
What is 3 + 34 + (5 - (14 + -29 + (14 - 1)))?
44
Calculate (3 - (-3 - -110)) + (13 - 13) - (11 + 5).
-120
Calculate -16 - (45 + -3) - -49.
-9
What is 21 - (16 - (13 + -25 + -16))?
-23
What is the value of 74 - ((148 + -155 - (4 - 0)) + -1 + 6)?
80
What is (22 - (8 + 6)) + 6 + -55?
-41
What is the value of (-6 - (-123 + 45)) + -5 + -28?
39
Calculate 4 - (-87 + 13 + -8 + -9) - (-7 + 7).
95
-14 - ((-35 - -9) + -5 - -53)
-36
What is the value of 12 - ((-29 - (-12 + 3) - (-1 - 5)) + -5)?
31
-7 + 5 + -1 - (-9 - (1 - (-71 + -7)))
85
Calculate -65 + 100 - (0 + 2).
33
Calculate -71 - -122 - 65 - 55.
-69
What is -106 - (-6 - 2 - (-1 - 0) - (14 - 10))?
-95
What is the value of 1 + -2 + (-104 - -205 - 89)?
11
Evaluate -28 + -9 + (94 - 12) + (1 - 4).
42
Evaluate (353 - 410) + 5 + 87.
35
What is the value of 22 + -31 + -56 - (-21 - -1)?
-45
(0 - -178 - 186) + 23 + 0
15
-12 - (64 - 26 - 17 - 97)
64
What is 2 + 137 - (-286 - -343) - (-17 + -1)?
100
Evaluate 73 + (-24 - (-46 - (-43 + 6))).
58
What is 91 + 36 + -213 - (-31 - -2)?
-57
Evaluate (-198 - (-43 - 81)) + 34.
-40
Evaluate 74 + -75 - (-4 + (-6 - -11)).
-2
Calculate -19 - (-56 + -2 + (-26 - -27)) - 20.
18
Calculate (0 - -1) + (1 - 3) - (-78 + 41).
36
What is 3 + (24 + -17 - (-3 + -1))?
14
Calculate (-17 + (2 - (-3 - 3)) - 17) + (6 - 13).
-33
What is the value of 1 + -2 + -14 + 2 + 24?
11
What is -6 + -9 - (-56 + (9 - 4))?
36
What is the value of (-9 + -5 + 3 - -7) + 17?
13
Evaluate 3 + -7 + (0 - -86) + -627 + 607.
62
26 - 0 - (2988 + -3016)
54
(41 - 3) + 27 + -20 + 16 + 4 + -4
61
139 + (91 - (259 + -76))
47
Evaluate (-2369 - -2495) + 1 + -77.
50
What is the value of (-4 - (9 - (21 + -13))) + (-3 - 34)?
-42
What is 88 + -8 - (28 + -35 + 35)?
52
Evaluate 33 - (-105 + (-5 - -18) - -23).
102
Calculate -15 + 4 - (-33 + 6 + -16).
32
What is the value of (-77 - -69 - -50) + -15?
27
What is -17 + -5 - 2 - 24?
-48
Calculate (10 - (19 - (11 + -2) - 1)) + 45 + 6.
52
Evaluate 4397 + -4401 + (-7 - (1 - 2)).
-10
-17 + 95 + (-18 - 28)
32
What is -5 + (-6 - (17 + (-73 - -43)))?
2
Calculate 41 + 39 + -9 + (41 - 9).
103
9 + -77 + (335 - 323) + 0 + 15
-41
What is 2 - -24 - (0 - 22 - (88 - 108))?
28
Evaluate -347 + 332 - (1 - 15) - (7 + -7 - -38).
-39
-51 + 108 - 33 - 38
-14
Calculate (251 - 197) + (-3 - 24).
27
What is 88 - (-21 - (-16 - (-18 + 32)))?
79
What is 69 - 5 - (39 - 58) - 12?
71
What is 14 - (5 + -17 + 1 + -34 + 31)?
28
What is the value of (3 + -12 - (-2 - 3)) + -3 + 38 + -1?
30
What is the value of 6 + 45 - 31 - 29?
-9
Evaluate -8 + 2 + -1 + 7 - (-13 